{"id":3999,"date":"2023-06-12T12:12:25","date_gmt":"2023-06-12T10:12:25","guid":{"rendered":"https:\/\/ba4-shop.de\/?post_type=product&#038;p=3999"},"modified":"2023-06-22T21:57:28","modified_gmt":"2023-06-22T19:57:28","slug":"honda-acura-original-werkstatt-pruefkabel-satz-srs-legend-ka3-ka4-1988-1990","status":"publish","type":"product","link":"https:\/\/ba4-shop.de\/index.php\/produkt\/honda-acura-original-werkstatt-pruefkabel-satz-srs-legend-ka3-ka4-1988-1990\/","title":{"rendered":"Honda Acura original Werkstatt Pr\u00fcfkabel Satz SRS Legend KA3 KA4 1988-1990"},"content":{"rendered":"<div id=\"ds_div\">\n<p style=\"text-align: center;\"><strong><span style=\"font-size: 14pt;\">Komplettset Pr\u00fcfkabel (3 St\u00fcck)<br \/>\n<\/span><\/strong><\/p>\n<p style=\"text-align: center;\"><strong><span style=\"font-size: 14pt;\">Honda \/ Acura Legend KA3 &amp; KA4<\/span><\/strong><\/p>\n<p style=\"text-align: center;\"><strong><span style=\"font-size: 14pt;\">Originale Honda Werkstatt Pr\u00fcfkabel<\/span><\/strong><\/p>\n<p style=\"text-align: center;\"><strong><span style=\"font-size: 14pt;\">F\u00fcr die \u00dcberpr\u00fcfung und Fehlersuche des SRS Systems<\/span><\/strong><\/p>\n<p style=\"text-align: center;\"><strong><span style=\"font-size: 14pt;\">\u00a0<\/span><\/strong><\/p>\n<p style=\"text-align: center;\"><strong><span style=\"font-size: 14pt;\">Pr\u00fcfkabel A \u2013 07HAZ-SG00100 (ersetzt 07HAZ-SG00700)<\/span><\/strong><\/p>\n<p style=\"text-align: center;\"><strong><span style=\"font-size: 14pt;\">Pr\u00fcfkabel B \u2013 07HAZ-SG00200 (ersetzt 07HAZ-SG00800)<\/span><\/strong><\/p>\n<p style=\"text-align: center;\"><strong><span style=\"font-size: 14pt;\">Pr\u00fcfkabel C \u2013 07HAZ-SG00300 (ersetzt 07HAZ-SG00900)<\/span><\/strong><\/p>\n<p style=\"text-align: center;\"><strong><span style=\"font-size: 14pt;\">Ein muss f\u00fcr jeden Legend Hobbyschrauber<\/span><\/strong><\/p>\n<p style=\"text-align: center;\"><strong><span style=\"font-size: 14pt;\">Die Kabel sind auf Funktion gepr\u00fcft!<\/span><\/strong><\/p>\n<h5><b>\u00a0<\/b><\/h5>\n<p align=\"CENTER\"><b><img decoding=\"async\" src=\"https:\/\/ba4-shop.de\/wp-content\/uploads\/2021\/09\/1.jpg\" \/><\/b><\/p>\n<\/div>\n","protected":false},"excerpt":{"rendered":"<h4 style=\"text-align: left;\" align=\"CENTER\"><span style=\"font-size: 12pt;\"><strong>Legend KA3 \/ KA4<br \/>\n<\/strong><\/span><\/h4>\n<p><strong>\u00a0<\/strong><\/p>\n","protected":false},"featured_media":4000,"template":"","meta":[],"product_brand":[],"product_cat":[75,168],"product_tag":[],"class_list":{"0":"post-3999","1":"product","2":"type-product","3":"status-publish","4":"has-post-thumbnail","6":"product_cat-gebrauchtteile","7":"product_cat-original-honda-pruefkabel-werkstatt-tools","8":"product_shipping_class-paket_5kg","10":"first","11":"instock","12":"shipping-taxable","13":"purchasable","14":"product-type-simple"},"yoast_head":"<!-- This site is optimized with the Yoast SEO plugin v27.4 - https:\/\/yoast.com\/product\/yoast-seo-wordpress\/ -->\n<title>Honda Acura original Werkstatt Pr\u00fcfkabel Satz SRS Legend KA3 KA4 1988-1990 - BA4-Shop<\/title>\n<meta name=\"description\" content=\"Honda Acura original Werkstatt Pr\u00fcfkabel Satz SRS Legend KA3 KA4 1988-1990 Pr\u00fcfkabel A \u2013 07HAZ-SG00100 (ersetzt 07HAZ-SG00700)Pr\u00fcfkabel B \u2013 07HAZ-SG00200 (ersetzt 07HAZ-SG00800)Pr\u00fcfkabel C \u2013 07HAZ-SG00300 (ersetzt 07HAZ-SG00900)\" \/>\n<meta name=\"robots\" content=\"index, follow, max-snippet:-1, max-image-preview:large, max-video-preview:-1\" \/>\n<link rel=\"canonical\" href=\"https:\/\/ba4-shop.de\/index.php\/produkt\/honda-acura-original-werkstatt-pruefkabel-satz-srs-legend-ka3-ka4-1988-1990\/\" \/>\n<meta property=\"og:locale\" content=\"de_DE\" \/>\n<meta property=\"og:type\" content=\"article\" \/>\n<meta property=\"og:title\" content=\"Honda Acura original Werkstatt Pr\u00fcfkabel Satz SRS Legend KA3 KA4 1988-1990 - BA4-Shop\" \/>\n<meta property=\"og:description\" content=\"Honda Acura original Werkstatt Pr\u00fcfkabel Satz SRS Legend KA3 KA4 1988-1990 Pr\u00fcfkabel A \u2013 07HAZ-SG00100 (ersetzt 07HAZ-SG00700)Pr\u00fcfkabel B \u2013 07HAZ-SG00200 (ersetzt 07HAZ-SG00800)Pr\u00fcfkabel C \u2013 07HAZ-SG00300 (ersetzt 07HAZ-SG00900)\" \/>\n<meta property=\"og:url\" content=\"https:\/\/ba4-shop.de\/index.php\/produkt\/honda-acura-original-werkstatt-pruefkabel-satz-srs-legend-ka3-ka4-1988-1990\/\" \/>\n<meta property=\"og:site_name\" content=\"BA4-Shop\" \/>\n<meta property=\"article:publisher\" content=\"https:\/\/www.facebook.com\/Rare-JRC-418523371928327\/\" \/>\n<meta property=\"article:modified_time\" content=\"2023-06-22T19:57:28+00:00\" \/>\n<meta property=\"og:image\" content=\"https:\/\/ba4-shop.de\/wp-content\/uploads\/2023\/06\/IMG_2957-scaled.jpg\" \/>\n\t<meta property=\"og:image:width\" content=\"2560\" \/>\n\t<meta property=\"og:image:height\" content=\"1707\" \/>\n\t<meta property=\"og:image:type\" content=\"image\/jpeg\" \/>\n<meta name=\"twitter:card\" content=\"summary_large_image\" \/>\n<meta name=\"twitter:label1\" content=\"Gesch\u00e4tzte Lesezeit\" \/>\n\t<meta name=\"twitter:data1\" content=\"1\u00a0Minute\" \/>\n<script type=\"application\/ld+json\" class=\"yoast-schema-graph\">{\"@context\":\"https:\\\/\\\/schema.org\",\"@graph\":[{\"@type\":\"WebPage\",\"@id\":\"https:\\\/\\\/ba4-shop.de\\\/index.php\\\/produkt\\\/honda-acura-original-werkstatt-pruefkabel-satz-srs-legend-ka3-ka4-1988-1990\\\/\",\"url\":\"https:\\\/\\\/ba4-shop.de\\\/index.php\\\/produkt\\\/honda-acura-original-werkstatt-pruefkabel-satz-srs-legend-ka3-ka4-1988-1990\\\/\",\"name\":\"Honda Acura original Werkstatt Pr\u00fcfkabel Satz SRS Legend KA3 KA4 1988-1990 - BA4-Shop\",\"isPartOf\":{\"@id\":\"https:\\\/\\\/ba4-shop.de\\\/#website\"},\"primaryImageOfPage\":{\"@id\":\"https:\\\/\\\/ba4-shop.de\\\/index.php\\\/produkt\\\/honda-acura-original-werkstatt-pruefkabel-satz-srs-legend-ka3-ka4-1988-1990\\\/#primaryimage\"},\"image\":{\"@id\":\"https:\\\/\\\/ba4-shop.de\\\/index.php\\\/produkt\\\/honda-acura-original-werkstatt-pruefkabel-satz-srs-legend-ka3-ka4-1988-1990\\\/#primaryimage\"},\"thumbnailUrl\":\"https:\\\/\\\/ba4-shop.de\\\/wp-content\\\/uploads\\\/2023\\\/06\\\/IMG_2957-scaled.jpg\",\"datePublished\":\"2023-06-12T10:12:25+00:00\",\"dateModified\":\"2023-06-22T19:57:28+00:00\",\"description\":\"Honda Acura original Werkstatt Pr\u00fcfkabel Satz SRS Legend KA3 KA4 1988-1990 Pr\u00fcfkabel A \u2013 07HAZ-SG00100 (ersetzt 07HAZ-SG00700)Pr\u00fcfkabel B \u2013 07HAZ-SG00200 (ersetzt 07HAZ-SG00800)Pr\u00fcfkabel C \u2013 07HAZ-SG00300 (ersetzt 07HAZ-SG00900)\",\"breadcrumb\":{\"@id\":\"https:\\\/\\\/ba4-shop.de\\\/index.php\\\/produkt\\\/honda-acura-original-werkstatt-pruefkabel-satz-srs-legend-ka3-ka4-1988-1990\\\/#breadcrumb\"},\"inLanguage\":\"de\",\"potentialAction\":[{\"@type\":\"ReadAction\",\"target\":[\"https:\\\/\\\/ba4-shop.de\\\/index.php\\\/produkt\\\/honda-acura-original-werkstatt-pruefkabel-satz-srs-legend-ka3-ka4-1988-1990\\\/\"]}]},{\"@type\":\"ImageObject\",\"inLanguage\":\"de\",\"@id\":\"https:\\\/\\\/ba4-shop.de\\\/index.php\\\/produkt\\\/honda-acura-original-werkstatt-pruefkabel-satz-srs-legend-ka3-ka4-1988-1990\\\/#primaryimage\",\"url\":\"https:\\\/\\\/ba4-shop.de\\\/wp-content\\\/uploads\\\/2023\\\/06\\\/IMG_2957-scaled.jpg\",\"contentUrl\":\"https:\\\/\\\/ba4-shop.de\\\/wp-content\\\/uploads\\\/2023\\\/06\\\/IMG_2957-scaled.jpg\",\"width\":2560,\"height\":1707,\"caption\":\"Honda Acura original Werkstatt Pr\u00fcfkabel Satz SRS Legend KA3 KA4 1988-1990\"},{\"@type\":\"BreadcrumbList\",\"@id\":\"https:\\\/\\\/ba4-shop.de\\\/index.php\\\/produkt\\\/honda-acura-original-werkstatt-pruefkabel-satz-srs-legend-ka3-ka4-1988-1990\\\/#breadcrumb\",\"itemListElement\":[{\"@type\":\"ListItem\",\"position\":1,\"name\":\"Startseite\",\"item\":\"https:\\\/\\\/ba4-shop.de\\\/\"},{\"@type\":\"ListItem\",\"position\":2,\"name\":\"Shop\",\"item\":\"https:\\\/\\\/ba4-shop.de\\\/\"},{\"@type\":\"ListItem\",\"position\":3,\"name\":\"Honda Acura original Werkstatt Pr\u00fcfkabel Satz SRS Legend KA3 KA4 1988-1990\"}]},{\"@type\":\"WebSite\",\"@id\":\"https:\\\/\\\/ba4-shop.de\\\/#website\",\"url\":\"https:\\\/\\\/ba4-shop.de\\\/\",\"name\":\"BA4-Shop\",\"description\":\"Der Honda Prelude BA4-Shop\",\"publisher\":{\"@id\":\"https:\\\/\\\/ba4-shop.de\\\/#organization\"},\"potentialAction\":[{\"@type\":\"SearchAction\",\"target\":{\"@type\":\"EntryPoint\",\"urlTemplate\":\"https:\\\/\\\/ba4-shop.de\\\/?s={search_term_string}\"},\"query-input\":{\"@type\":\"PropertyValueSpecification\",\"valueRequired\":true,\"valueName\":\"search_term_string\"}}],\"inLanguage\":\"de\"},{\"@type\":\"Organization\",\"@id\":\"https:\\\/\\\/ba4-shop.de\\\/#organization\",\"name\":\"rare-JRC\",\"url\":\"https:\\\/\\\/ba4-shop.de\\\/\",\"logo\":{\"@type\":\"ImageObject\",\"inLanguage\":\"de\",\"@id\":\"https:\\\/\\\/ba4-shop.de\\\/#\\\/schema\\\/logo\\\/image\\\/\",\"url\":\"https:\\\/\\\/ba4-shop.de\\\/wp-content\\\/uploads\\\/2017\\\/06\\\/rarejrc.jpg\",\"contentUrl\":\"https:\\\/\\\/ba4-shop.de\\\/wp-content\\\/uploads\\\/2017\\\/06\\\/rarejrc.jpg\",\"width\":436,\"height\":156,\"caption\":\"rare-JRC\"},\"image\":{\"@id\":\"https:\\\/\\\/ba4-shop.de\\\/#\\\/schema\\\/logo\\\/image\\\/\"},\"sameAs\":[\"https:\\\/\\\/www.facebook.com\\\/Rare-JRC-418523371928327\\\/\"]}]}<\/script>\n<!-- \/ Yoast SEO plugin. -->","yoast_head_json":{"title":"Honda Acura original Werkstatt Pr\u00fcfkabel Satz SRS Legend KA3 KA4 1988-1990 - BA4-Shop","description":"Honda Acura original Werkstatt Pr\u00fcfkabel Satz SRS Legend KA3 KA4 1988-1990 Pr\u00fcfkabel A \u2013 07HAZ-SG00100 (ersetzt 07HAZ-SG00700)Pr\u00fcfkabel B \u2013 07HAZ-SG00200 (ersetzt 07HAZ-SG00800)Pr\u00fcfkabel C \u2013 07HAZ-SG00300 (ersetzt 07HAZ-SG00900)","robots":{"index":"index","follow":"follow","max-snippet":"max-snippet:-1","max-image-preview":"max-image-preview:large","max-video-preview":"max-video-preview:-1"},"canonical":"https:\/\/ba4-shop.de\/index.php\/produkt\/honda-acura-original-werkstatt-pruefkabel-satz-srs-legend-ka3-ka4-1988-1990\/","og_locale":"de_DE","og_type":"article","og_title":"Honda Acura original Werkstatt Pr\u00fcfkabel Satz SRS Legend KA3 KA4 1988-1990 - BA4-Shop","og_description":"Honda Acura original Werkstatt Pr\u00fcfkabel Satz SRS Legend KA3 KA4 1988-1990 Pr\u00fcfkabel A \u2013 07HAZ-SG00100 (ersetzt 07HAZ-SG00700)Pr\u00fcfkabel B \u2013 07HAZ-SG00200 (ersetzt 07HAZ-SG00800)Pr\u00fcfkabel C \u2013 07HAZ-SG00300 (ersetzt 07HAZ-SG00900)","og_url":"https:\/\/ba4-shop.de\/index.php\/produkt\/honda-acura-original-werkstatt-pruefkabel-satz-srs-legend-ka3-ka4-1988-1990\/","og_site_name":"BA4-Shop","article_publisher":"https:\/\/www.facebook.com\/Rare-JRC-418523371928327\/","article_modified_time":"2023-06-22T19:57:28+00:00","og_image":[{"width":2560,"height":1707,"url":"https:\/\/ba4-shop.de\/wp-content\/uploads\/2023\/06\/IMG_2957-scaled.jpg","type":"image\/jpeg"}],"twitter_card":"summary_large_image","twitter_misc":{"Gesch\u00e4tzte Lesezeit":"1\u00a0Minute"},"schema":{"@context":"https:\/\/schema.org","@graph":[{"@type":"WebPage","@id":"https:\/\/ba4-shop.de\/index.php\/produkt\/honda-acura-original-werkstatt-pruefkabel-satz-srs-legend-ka3-ka4-1988-1990\/","url":"https:\/\/ba4-shop.de\/index.php\/produkt\/honda-acura-original-werkstatt-pruefkabel-satz-srs-legend-ka3-ka4-1988-1990\/","name":"Honda Acura original Werkstatt Pr\u00fcfkabel Satz SRS Legend KA3 KA4 1988-1990 - BA4-Shop","isPartOf":{"@id":"https:\/\/ba4-shop.de\/#website"},"primaryImageOfPage":{"@id":"https:\/\/ba4-shop.de\/index.php\/produkt\/honda-acura-original-werkstatt-pruefkabel-satz-srs-legend-ka3-ka4-1988-1990\/#primaryimage"},"image":{"@id":"https:\/\/ba4-shop.de\/index.php\/produkt\/honda-acura-original-werkstatt-pruefkabel-satz-srs-legend-ka3-ka4-1988-1990\/#primaryimage"},"thumbnailUrl":"https:\/\/ba4-shop.de\/wp-content\/uploads\/2023\/06\/IMG_2957-scaled.jpg","datePublished":"2023-06-12T10:12:25+00:00","dateModified":"2023-06-22T19:57:28+00:00","description":"Honda Acura original Werkstatt Pr\u00fcfkabel Satz SRS Legend KA3 KA4 1988-1990 Pr\u00fcfkabel A \u2013 07HAZ-SG00100 (ersetzt 07HAZ-SG00700)Pr\u00fcfkabel B \u2013 07HAZ-SG00200 (ersetzt 07HAZ-SG00800)Pr\u00fcfkabel C \u2013 07HAZ-SG00300 (ersetzt 07HAZ-SG00900)","breadcrumb":{"@id":"https:\/\/ba4-shop.de\/index.php\/produkt\/honda-acura-original-werkstatt-pruefkabel-satz-srs-legend-ka3-ka4-1988-1990\/#breadcrumb"},"inLanguage":"de","potentialAction":[{"@type":"ReadAction","target":["https:\/\/ba4-shop.de\/index.php\/produkt\/honda-acura-original-werkstatt-pruefkabel-satz-srs-legend-ka3-ka4-1988-1990\/"]}]},{"@type":"ImageObject","inLanguage":"de","@id":"https:\/\/ba4-shop.de\/index.php\/produkt\/honda-acura-original-werkstatt-pruefkabel-satz-srs-legend-ka3-ka4-1988-1990\/#primaryimage","url":"https:\/\/ba4-shop.de\/wp-content\/uploads\/2023\/06\/IMG_2957-scaled.jpg","contentUrl":"https:\/\/ba4-shop.de\/wp-content\/uploads\/2023\/06\/IMG_2957-scaled.jpg","width":2560,"height":1707,"caption":"Honda Acura original Werkstatt Pr\u00fcfkabel Satz SRS Legend KA3 KA4 1988-1990"},{"@type":"BreadcrumbList","@id":"https:\/\/ba4-shop.de\/index.php\/produkt\/honda-acura-original-werkstatt-pruefkabel-satz-srs-legend-ka3-ka4-1988-1990\/#breadcrumb","itemListElement":[{"@type":"ListItem","position":1,"name":"Startseite","item":"https:\/\/ba4-shop.de\/"},{"@type":"ListItem","position":2,"name":"Shop","item":"https:\/\/ba4-shop.de\/"},{"@type":"ListItem","position":3,"name":"Honda Acura original Werkstatt Pr\u00fcfkabel Satz SRS Legend KA3 KA4 1988-1990"}]},{"@type":"WebSite","@id":"https:\/\/ba4-shop.de\/#website","url":"https:\/\/ba4-shop.de\/","name":"BA4-Shop","description":"Der Honda Prelude BA4-Shop","publisher":{"@id":"https:\/\/ba4-shop.de\/#organization"},"potentialAction":[{"@type":"SearchAction","target":{"@type":"EntryPoint","urlTemplate":"https:\/\/ba4-shop.de\/?s={search_term_string}"},"query-input":{"@type":"PropertyValueSpecification","valueRequired":true,"valueName":"search_term_string"}}],"inLanguage":"de"},{"@type":"Organization","@id":"https:\/\/ba4-shop.de\/#organization","name":"rare-JRC","url":"https:\/\/ba4-shop.de\/","logo":{"@type":"ImageObject","inLanguage":"de","@id":"https:\/\/ba4-shop.de\/#\/schema\/logo\/image\/","url":"https:\/\/ba4-shop.de\/wp-content\/uploads\/2017\/06\/rarejrc.jpg","contentUrl":"https:\/\/ba4-shop.de\/wp-content\/uploads\/2017\/06\/rarejrc.jpg","width":436,"height":156,"caption":"rare-JRC"},"image":{"@id":"https:\/\/ba4-shop.de\/#\/schema\/logo\/image\/"},"sameAs":["https:\/\/www.facebook.com\/Rare-JRC-418523371928327\/"]}]}},"_links":{"self":[{"href":"https:\/\/ba4-shop.de\/index.php\/wp-json\/wp\/v2\/product\/3999","targetHints":{"allow":["GET"]}}],"collection":[{"href":"https:\/\/ba4-shop.de\/index.php\/wp-json\/wp\/v2\/product"}],"about":[{"href":"https:\/\/ba4-shop.de\/index.php\/wp-json\/wp\/v2\/types\/product"}],"wp:featuredmedia":[{"embeddable":true,"href":"https:\/\/ba4-shop.de\/index.php\/wp-json\/wp\/v2\/media\/4000"}],"wp:attachment":[{"href":"https:\/\/ba4-shop.de\/index.php\/wp-json\/wp\/v2\/media?parent=3999"}],"wp:term":[{"taxonomy":"product_brand","embeddable":true,"href":"https:\/\/ba4-shop.de\/index.php\/wp-json\/wp\/v2\/product_brand?post=3999"},{"taxonomy":"product_cat","embeddable":true,"href":"https:\/\/ba4-shop.de\/index.php\/wp-json\/wp\/v2\/product_cat?post=3999"},{"taxonomy":"product_tag","embeddable":true,"href":"https:\/\/ba4-shop.de\/index.php\/wp-json\/wp\/v2\/product_tag?post=3999"}],"curies":[{"name":"wp","href":"https:\/\/api.w.org\/{rel}","templated":true}]}}